{"id":5902,"date":"2024-10-03T08:14:59","date_gmt":"2024-10-03T08:14:59","guid":{"rendered":"https:\/\/egerford.hu\/1\/?page_id=5902"},"modified":"2024-10-03T08:20:03","modified_gmt":"2024-10-03T08:20:03","slug":"dhl-e-transit","status":"publish","type":"page","link":"https:\/\/egerford.hu\/1\/dhl-e-transit\/","title":{"rendered":"Ford E- Transit"},"content":{"rendered":"\t\t<div data-elementor-type=\"wp-page\" data-elementor-id=\"5902\" class=\"elementor elementor-5902\">\n\t\t\t\t<div class=\"elementor-element elementor-element-7ea9e5b e-flex e-con-boxed e-con e-parent\" data-id=\"7ea9e5b\" data-element_type=\"container\" data-e-type=\"container\">\n\t\t\t\t\t<div class=\"e-con-inner\">\n\t\t\t\t<div class=\"elementor-element elementor-element-6d79fec elementor-widget elementor-widget-heading\" data-id=\"6d79fec\" data-element_type=\"widget\" data-e-type=\"widget\" data-widget_type=\"heading.default\">\n\t\t\t\t<div class=\"elementor-widget-container\">\n\t\t\t\t\t<h2 class=\"elementor-heading-title elementor-size-default\">Ford E-Transitokkal b\u0151v\u00fcl a DHL Express Magyarorsz\u00e1g Kft. z\u00f6ld flott\u00e1ja<\/h2>\t\t\t\t<\/div>\n\t\t\t\t<\/div>\n\t\t\t\t\t<\/div>\n\t\t\t\t<\/div>\n\t\t<div class=\"elementor-element elementor-element-1465b47 e-flex e-con-boxed e-con e-parent\" data-id=\"1465b47\" data-element_type=\"container\" data-e-type=\"container\">\n\t\t\t\t\t<div class=\"e-con-inner\">\n\t\t\t\t<div class=\"elementor-element elementor-element-45fa26c elementor-widget elementor-widget-image\" data-id=\"45fa26c\" data-element_type=\"widget\" data-e-type=\"widget\" data-widget_type=\"image.default\">\n\t\t\t\t<div class=\"elementor-widget-container\">\n\t\t\t\t\t\t\t\t\t\t\t\t\t\t\t<img fetchpriority=\"high\" decoding=\"async\" width=\"1024\" height=\"576\" src=\"https:\/\/egerford.hu\/1\/wp-content\/uploads\/2024\/10\/dhl-1024x576.jpg\" class=\"attachment-large size-large wp-image-5910\" alt=\"\" srcset=\"https:\/\/egerford.hu\/1\/wp-content\/uploads\/2024\/10\/dhl-1024x576.jpg 1024w, https:\/\/egerford.hu\/1\/wp-content\/uploads\/2024\/10\/dhl-300x169.jpg 300w, https:\/\/egerford.hu\/1\/wp-content\/uploads\/2024\/10\/dhl-768x432.jpg 768w, https:\/\/egerford.hu\/1\/wp-content\/uploads\/2024\/10\/dhl-1536x864.jpg 1536w, https:\/\/egerford.hu\/1\/wp-content\/uploads\/2024\/10\/dhl-600x337.jpg 600w, https:\/\/egerford.hu\/1\/wp-content\/uploads\/2024\/10\/dhl.jpg 1782w\" sizes=\"(max-width: 1024px) 100vw, 1024px\" \/>\t\t\t\t\t\t\t\t\t\t\t\t\t\t\t<\/div>\n\t\t\t\t<\/div>\n\t\t\t\t<div class=\"elementor-element elementor-element-830eb0f elementor-widget elementor-widget-text-editor\" data-id=\"830eb0f\" data-element_type=\"widget\" data-e-type=\"widget\" data-widget_type=\"text-editor.default\">\n\t\t\t\t<div class=\"elementor-widget-container\">\n\t\t\t\t\t\t\t\t\t<p>A v\u00e1llalat az eddigi 20-r\u00f3l 39-re n\u00f6veli Budapesten az elektromos fut\u00e1raut\u00f3inak sz\u00e1m\u00e1t, \u00edgy a f\u0151v\u00e1rost kiszolg\u00e1l\u00f3 j\u00e1rm\u0171vek 70%-a m\u00e1r teljesen k\u00f6rnyezetbar\u00e1t m\u00f3don, helyi k\u00e1rosanyag-kibocs\u00e1t\u00e1s n\u00e9lk\u00fcl veszi fel \u00e9s viszi h\u00e1zhoz az \u00fcgyfelek k\u00fcldem\u00e9nyeit. R\u00e1ad\u00e1sul az e-furgonok akkumul\u00e1torait meg\u00fajul\u00f3 forr\u00e1sb\u00f3l sz\u00e1rmaz\u00f3 \u00e1rammal t\u00f6ltik fel a DHL Express saj\u00e1t telephely\u00e9n.<\/p><p>A flottab\u0151v\u00edt\u00e9ssel a DHL Express v\u00e1llalat \u00fajabb jelent\u0151s l\u00e9p\u00e9st tesz a glob\u00e1lis kl\u00edmac\u00e9ljai ir\u00e1ny\u00e1ba, amelyekben v\u00e1llalta, hogy 2030-ig a sz\u00e1ll\u00edtm\u00e1nyoz\u00e1sban \u00e9s k\u00e9zbes\u00edt\u00e9sben haszn\u00e1lt j\u00e1rm\u0171veinek 60%-\u00e1t elektromosra cser\u00e9li, a t\u00f6bbi j\u00e1rm\u0171v\u00e9t pedig 30%-n\u00e1l nagyobb ar\u00e1nyban fenntarthat\u00f3 \u00fczemanyaggal \u00fczemelteti vil\u00e1gszerte, majd 2050-re el\u00e9ri a teljesen karbonsemleges m\u0171k\u00f6d\u00e9st.<\/p><p>A mostani, jelent\u0151s budapesti z\u00f6ld\u00edt\u00e9s t\u00f6bb mint 10%-kal cs\u00f6kkenti a DHL Express magyarorsz\u00e1gi CO<sub>2<\/sub>-kibocs\u00e1t\u00e1s\u00e1t. Emellett a v\u00e1llalat az orsz\u00e1g eg\u00e9sz ter\u00fclet\u00e9n folytatja a k\u00e9zbes\u00edt\u00e9s \u00e9s sz\u00e1ll\u00edtm\u00e1nyoz\u00e1s dekarboniz\u00e1l\u00e1s\u00e1t: a c\u00e9g \u00e1ltal Magyarorsz\u00e1gon haszn\u00e1lt 170 furgon k\u00f6z\u00fcl 43 m\u00e1r elektromosan \u00fczemel.<\/p><p>A DHL Express 2021-ben megkezdte az elektromos aut\u00f3t\u00f6lt\u0151 h\u00e1l\u00f3zat ki\u00e9p\u00edt\u00e9s\u00e9t is. Jelenleg a budapesti telephely\u00e9n 59 ilyen t\u00f6lt\u0151\u00e1llom\u00e1ssal rendelkezik, ezekhez fenntarthat\u00f3 forr\u00e1sb\u00f3l sz\u00e1rmaz\u00f3 z\u00f6ld\u00e1ramot v\u00e1s\u00e1rol, vid\u00e9ki telephelyein pedig m\u00e1r elkezdte a napelemek telep\u00edt\u00e9s\u00e9t is. A c\u00e9g budapesti, Ferihegy 1-es termin\u00e1ln\u00e1l m\u0171k\u00f6d\u0151 \u00e9p\u00fcletei 100%-ban meg\u00fajul\u00f3 energi\u00e1val m\u0171k\u00f6dnek.<\/p><p><em>\u201eMinden term\u00e9k\u00fcnk \u00e9s szolg\u00e1ltat\u00e1sunk eset\u00e9ben tudunk z\u00f6ld alternat\u00edv\u00e1t aj\u00e1nlani, \u00e9s ezzel nemcsak a saj\u00e1t karbonl\u00e1bnyomunkat cs\u00f6kkentj\u00fck, hanem a vel\u00fcnk egy\u00fcttm\u0171k\u00f6d\u0151 \u00fcgyfeleknek is seg\u00edt\u00fcnk a k\u00f6zvetett m\u00f3don\u00a0\u2013 p\u00e9ld\u00e1ul a term\u00e9keik sz\u00e1ll\u00edt\u00e1sa vagy eloszt\u00e1sa sor\u00e1n\u00a0\u2013 keletkez\u0151 kibocs\u00e1t\u00e1sukat m\u00e9rs\u00e9kelni. Erre n\u00f6vekv\u0151 ig\u00e9ny van a fogyaszt\u00f3k r\u00e9sz\u00e9r\u0151l is, akik egyre ink\u00e1bb elv\u00e1rj\u00e1k, hogy a k\u00fcldem\u00e9nyeik karbonl\u00e1bnyoma a lehet\u0151 legkisebb legyen\u201d\u00a0<\/em>\u2013 mondja M\u00e9sz\u00e1ros \u00c1d\u00e1m, a DHL Express magyarorsz\u00e1gi \u00fcgyvezet\u0151 igazgat\u00f3ja.<\/p><p>A DHL Express a mostani z\u00f6ld b\u0151v\u00edt\u00e9shez a Ford K\u00f6z\u00e9p \u00e9s Kelet-Eur\u00f3pa Kft-t\u0151l v\u00e1lasztott ki Ford E-Transit\u2122 furgonokat. Ezek teljes m\u00e9rt\u00e9kben a DHL-fut\u00e1rok ig\u00e9nyei alapj\u00e1n, a Ford gy\u00e1rban egyedi fel\u00e9p\u00edtm\u00e9nnyel \u00e9s bels\u0151 kialak\u00edt\u00e1ssal k\u00e9sz\u00fcltek. P\u00e9ld\u00e1ul a sof\u0151rf\u00fclke \u00e9s a rakt\u00e9r a k\u00f6nnyebb \u00e9s gyorsabb pakol\u00e1s \u00e9rdek\u00e9ben \u00e1tj\u00e1rhat\u00f3, tov\u00e1bb\u00e1 a rakt\u00e9rben cs\u00fasz\u00e1smentes polcrendszer van.<\/p><p>\u201e<em>Magyarorsz\u00e1gon a Ford Pro \u00fczlet\u00e1g stabilan vezet\u0151 poz\u00edci\u00f3t t\u00f6lt be a haszong\u00e9pj\u00e1rm\u0171vek piac\u00e1n, ezen bel\u00fcl az elektromos \u00e1rusz\u00e1ll\u00edt\u00f3k szegmens\u00e9ben egyar\u00e1nt. A Ford \u00e9len j\u00e1r az elektrifik\u00e1ci\u00f3ban \u00e9s a karbonmentes\u00edt\u00e9sben; a fenntarthat\u00f3s\u00e1g r\u00e9szek\u00e9nt kiemelt hangs\u00falyt fektet\u00fcnk a z\u00f6kken\u0151mentes \u00fczemeltet\u00e9sre egyar\u00e1nt. Az orsz\u00e1gos szervizh\u00e1l\u00f3zat mellett \u00e9s Eur\u00f3pa-szerte el\u00e9rhet\u0151 \u2019Blue Oval Charge Network\u2019 t\u00f6lt\u0151h\u00e1l\u00f3zatunk biztos\u00edtja az aut\u00f3k rendelkez\u00e9sre \u00e1ll\u00e1s\u00e1nak megn\u00f6velt idej\u00e9t, ez\u00e1ltal is el\u0151seg\u00edtve a mobilit\u00e1st.<\/em><\/p><p><i><em>A DHL-lel val\u00f3 egy\u00fcttm\u0171k\u00f6d\u00e9s ennek egy komplex \u00e9s nemzetk\u00f6zi szinten is sikeres p\u00e9ld\u00e1ja, hiszen a most munk\u00e1ba \u00e1ll\u00f3 Ford E-Transit elektromos j\u00e1rm\u0171veket siker\u00fclt a leg\u00f6sszetettebb \u00fcgyf\u00e9lig\u00e9nyeket is kiel\u00e9g\u00edt\u0151 m\u00f3don egy\u00e9nre szabni, ek\u00f6zben fenntarthat\u00f3 m\u00f3don seg\u00edteni az \u00fczleti hat\u00e9konys\u00e1g n\u00f6vel\u00e9s\u00e9t<\/em><\/i>\u201d \u2013 mondja K\u0151v\u00e1g\u00f3-Laky Andrea, a Ford Magyarorsz\u00e1g \u00fcgyvezet\u0151 igazgat\u00f3ja.<\/p><p>A DHL \u00e9s a Ford sz\u00e1m\u00e1ra kiemelten fontos a j\u00e1rm\u0171biztons\u00e1g. Ennek jegy\u00e9ben a most \u00e1tadott e-furgonokban be\u00e9p\u00edtett, 360 fokos kamera, tov\u00e1bb\u00e1 fell\u00e9p\u0151 \u00e9s kapaszkod\u00f3k t\u00e1mogatj\u00e1k a mindennapi hat\u00e9kony \u00e9s biztons\u00e1gos munkav\u00e9gz\u00e9st, emellett k\u00fcl\u00f6nf\u00e9le digit\u00e1lis megold\u00e1sok biztos\u00edtanak k\u00e9nyelmes vezet\u00e9si \u00e9lm\u00e9nyt a fut\u00e1rok sz\u00e1m\u00e1ra. A j\u00e1rm\u0171vek hat\u00f3t\u00e1vols\u00e1ga egy t\u00f6lt\u00e9ssel 240 kilom\u00e9ter, \u00edgy lehet\u0151v\u00e9 teszik a DHL sz\u00e1m\u00e1ra a napi fut\u00e1rk\u00f6r\u00f6k lebonyol\u00edt\u00e1s\u00e1t Budapesten \u00e9s vonz\u00e1sk\u00f6rzet\u00e9ben.<\/p><p>A Ford Pro haszong\u00e9pj\u00e1rm\u0171 \u00fczlet\u00e1g elk\u00f6telezetts\u00e9ge, hogy Eur\u00f3pa-szerte seg\u00edtsen v\u00e1s\u00e1rl\u00f3inak kimagasl\u00f3an produkt\u00edv elektromos flott\u00e1kat m\u0171k\u00f6dtetni, ennek fontos l\u00e9p\u00e9se magyarorsz\u00e1gi piacvezet\u0151k\u00e9nt, a csomagsz\u00e1ll\u00edt\u00e1s ter\u00e9n szint\u00e9n piacvezet\u0151 DHL Express Magyarorsz\u00e1g Kft-vel val\u00f3 egy\u00fcttm\u0171k\u00f6d\u00e9s.<\/p>\t\t\t\t\t\t\t\t<\/div>\n\t\t\t\t<\/div>\n\t\t\t\t\t<\/div>\n\t\t\t\t<\/div>\n\t\t\t\t<\/div>\n\t\t","protected":false},"excerpt":{"rendered":"<p>Ford E-Transitokkal b\u0151v\u00fcl a DHL Express Magyarorsz\u00e1g Kft. z\u00f6ld flott\u00e1ja A v\u00e1llalat az eddigi 20-r\u00f3l 39-re n\u00f6veli Budapesten az elektromos fut\u00e1raut\u00f3inak sz\u00e1m\u00e1t, \u00edgy a f\u0151v\u00e1rost kiszolg\u00e1l\u00f3 j\u00e1rm\u0171vek 70%-a m\u00e1r teljesen k\u00f6rnyezetbar\u00e1t m\u00f3don, helyi k\u00e1rosanyag-kibocs\u00e1t\u00e1s n\u00e9lk\u00fcl veszi fel \u00e9s viszi h\u00e1zhoz az \u00fcgyfelek k\u00fcldem\u00e9nyeit. R\u00e1ad\u00e1sul az e-furgonok akkumul\u00e1torait meg\u00fajul\u00f3 forr\u00e1sb\u00f3l sz\u00e1rmaz\u00f3 \u00e1rammal t\u00f6ltik fel a DHL [&hellip;]<\/p>\n","protected":false},"author":1,"featured_media":0,"parent":0,"menu_order":0,"comment_status":"closed","ping_status":"closed","template":"","meta":{"site-sidebar-layout":"no-sidebar","site-content-layout":"page-builder","ast-site-content-layout":"full-width-container","site-content-style":"default","site-sidebar-style":"default","ast-global-header-display":"","ast-banner-title-visibility":"","ast-main-header-display":"","ast-hfb-above-header-display":"","ast-hfb-below-header-display":"","ast-hfb-mobile-header-display":"","site-post-title":"disabled","ast-breadcrumbs-content":"","ast-featured-img":"disabled","footer-sml-layout":"","theme-transparent-header-meta":"","adv-header-id-meta":"","stick-header-meta":"","header-above-stick-meta":"","header-main-stick-meta":"","header-below-stick-meta":"","astra-migrate-meta-layouts":"set","ast-page-background-enabled":"default","ast-page-background-meta":{"desktop":{"background-color":"","background-image":"","background-repeat":"repeat","background-position":"center center","background-size":"auto","background-attachment":"scroll","background-type":"","background-media":"","overlay-type":"","overlay-color":"","overlay-opacity":"","overlay-gradient":""},"tablet":{"background-color":"","background-image":"","background-repeat":"repeat","background-position":"center center","background-size":"auto","background-attachment":"scroll","background-type":"","background-media":"","overlay-type":"","overlay-color":"","overlay-opacity":"","overlay-gradient":""},"mobile":{"background-color":"","background-image":"","background-repeat":"repeat","background-position":"center center","background-size":"auto","background-attachment":"scroll","background-type":"","background-media":"","overlay-type":"","overlay-color":"","overlay-opacity":"","overlay-gradient":""}},"ast-content-background-meta":{"desktop":{"background-color":"var(--ast-global-color-5)","background-image":"","background-repeat":"repeat","background-position":"center center","background-size":"auto","background-attachment":"scroll","background-type":"","background-media":"","overlay-type":"","overlay-color":"","overlay-opacity":"","overlay-gradient":""},"tablet":{"background-color":"var(--ast-global-color-5)","background-image":"","background-repeat":"repeat","background-position":"center center","background-size":"auto","background-attachment":"scroll","background-type":"","background-media":"","overlay-type":"","overlay-color":"","overlay-opacity":"","overlay-gradient":""},"mobile":{"background-color":"var(--ast-global-color-5)","background-image":"","background-repeat":"repeat","background-position":"center center","background-size":"auto","background-attachment":"scroll","background-type":"","background-media":"","overlay-type":"","overlay-color":"","overlay-opacity":"","overlay-gradient":""}},"footnotes":""},"class_list":["post-5902","page","type-page","status-publish","hentry"],"_links":{"self":[{"href":"https:\/\/egerford.hu\/1\/wp-json\/wp\/v2\/pages\/5902","targetHints":{"allow":["GET"]}}],"collection":[{"href":"https:\/\/egerford.hu\/1\/wp-json\/wp\/v2\/pages"}],"about":[{"href":"https:\/\/egerford.hu\/1\/wp-json\/wp\/v2\/types\/page"}],"author":[{"embeddable":true,"href":"https:\/\/egerford.hu\/1\/wp-json\/wp\/v2\/users\/1"}],"replies":[{"embeddable":true,"href":"https:\/\/egerford.hu\/1\/wp-json\/wp\/v2\/comments?post=5902"}],"version-history":[{"count":11,"href":"https:\/\/egerford.hu\/1\/wp-json\/wp\/v2\/pages\/5902\/revisions"}],"predecessor-version":[{"id":5917,"href":"https:\/\/egerford.hu\/1\/wp-json\/wp\/v2\/pages\/5902\/revisions\/5917"}],"wp:attachment":[{"href":"https:\/\/egerford.hu\/1\/wp-json\/wp\/v2\/media?parent=5902"}],"curies":[{"name":"wp","href":"https:\/\/api.w.org\/{rel}","templated":true}]}}